{"id":1851,"date":"2025-11-14T05:08:00","date_gmt":"2025-11-14T04:08:00","guid":{"rendered":"https:\/\/atelierduma.sk\/?post_type=projekt&#038;p=1851"},"modified":"2025-11-24T16:34:15","modified_gmt":"2025-11-24T15:34:15","slug":"namestie-sv-michala-v-hlohovci","status":"publish","type":"projekt","link":"https:\/\/atelierduma.sk\/de\/projekty\/namestie-sv-michala-v-hlohovci\/","title":{"rendered":"N\u00c1MESTIE SV. MICHALA V HLOHOVCI"},"content":{"rendered":"<p>\u200b\u200b<\/p>\n\n\n\n<p>V roku 2020 sme sa z\u00fa\u010dastnili architektonickej s\u00fa\u0165a\u017ee na obnovu N\u00e1mestia sv. Michala v Hlohovci. Tento priestor je mnoh\u00fdmi Hlohov\u010danmi vn\u00edman\u00fd ako najv\u00fdznamnej\u0161\u00ed verejn\u00fd priestor v centre mesta. Na\u0161\u00edm cie\u013eom bolo navrhn\u00fa\u0165 rie\u0161enie, ktor\u00e9 citlivo reaguje na historick\u00fd kontext miesta, podporuje komunitn\u00fd \u017eivot a prin\u00e1\u0161a s\u00fa\u010dasn\u00fd poh\u013ead na fungovanie centr\u00e1lneho mestsk\u00e9ho priestoru. \u200b<\/p>","protected":false},"featured_media":1852,"template":"","meta":{"_acf_changed":true},"kategoria-projektu":[18],"zamestnanec":[24,17,22,16],"class_list":["post-1851","projekt","type-projekt","status-publish","has-post-thumbnail","hentry","kategoria-projektu-mestske-priestory","zamestnanec-ing-arch-gabriela-lapsanska","zamestnanec-ing-juraj-hornak","zamestnanec-ing-lenka-ficekova","zamestnanec-ing-magdalena-hornakova"],"acf":[],"yoast_head":"<!-- This site is optimized with the Yoast SEO Premium plugin v24.0 (Yoast SEO v25.6) - https:\/\/yoast.com\/wordpress\/plugins\/seo\/ -->\n<title>N\u00c1MESTIE SV. MICHALA V HLOHOVCI - ATELIER DUMA - LIVING GARDENS<\/title>\n<meta name=\"robots\" content=\"index, follow, max-snippet:-1, max-image-preview:large, max-video-preview:-1\" \/>\n<link rel=\"canonical\" href=\"https:\/\/atelierduma.sk\/de\/projekty\/namestie-sv-michala-v-hlohovci\/\" \/>\n<meta property=\"og:locale\" content=\"de_DE\" \/>\n<meta property=\"og:type\" content=\"article\" \/>\n<meta property=\"og:title\" content=\"N\u00c1MESTIE SV. MICHALA V HLOHOVCI\" \/>\n<meta property=\"og:description\" content=\"\u200b\u200b V roku 2020 sme sa z\u00fa\u010dastnili architektonickej s\u00fa\u0165a\u017ee na obnovu N\u00e1mestia sv. Michala v Hlohovci. Tento priestor je mnoh\u00fdmi Hlohov\u010danmi vn\u00edman\u00fd ako najv\u00fdznamnej\u0161\u00ed verejn\u00fd priestor v centre mesta. Na\u0161\u00edm cie\u013eom bolo navrhn\u00fa\u0165 rie\u0161enie, ktor\u00e9 citlivo reaguje na historick\u00fd kontext miesta, podporuje komunitn\u00fd \u017eivot a prin\u00e1\u0161a s\u00fa\u010dasn\u00fd poh\u013ead na fungovanie centr\u00e1lneho mestsk\u00e9ho priestoru. \u200b\" \/>\n<meta property=\"og:url\" content=\"https:\/\/atelierduma.sk\/de\/projekty\/namestie-sv-michala-v-hlohovci\/\" \/>\n<meta property=\"og:site_name\" content=\"ATELIER DUMA - LIVING GARDENS\" \/>\n<meta property=\"article:modified_time\" content=\"2025-11-24T15:34:15+00:00\" \/>\n<meta property=\"og:image\" content=\"https:\/\/atelierduma.sk\/wp-content\/uploads\/2025\/04\/axo__-e1743772186620-1024x920.png\" \/>\n\t<meta property=\"og:image:width\" content=\"1024\" \/>\n\t<meta property=\"og:image:height\" content=\"920\" \/>\n\t<meta property=\"og:image:type\" content=\"image\/png\" \/>\n<meta name=\"twitter:card\" content=\"summary_large_image\" \/>\n<meta name=\"twitter:label1\" content=\"Gesch\u00e4tzte Lesezeit\" \/>\n\t<meta name=\"twitter:data1\" content=\"1\u00a0Minute\" \/>\n<script type=\"application\/ld+json\" class=\"yoast-schema-graph\">{\"@context\":\"https:\/\/schema.org\",\"@graph\":[{\"@type\":\"WebPage\",\"@id\":\"https:\/\/atelierduma.sk\/projekty\/namestie-sv-michala-v-hlohovci\/\",\"url\":\"https:\/\/atelierduma.sk\/projekty\/namestie-sv-michala-v-hlohovci\/\",\"name\":\"N\u00c1MESTIE SV. MICHALA V HLOHOVCI - ATELIER DUMA - LIVING GARDENS\",\"isPartOf\":{\"@id\":\"https:\/\/atelierduma.sk\/#website\"},\"primaryImageOfPage\":{\"@id\":\"https:\/\/atelierduma.sk\/projekty\/namestie-sv-michala-v-hlohovci\/#primaryimage\"},\"image\":{\"@id\":\"https:\/\/atelierduma.sk\/projekty\/namestie-sv-michala-v-hlohovci\/#primaryimage\"},\"thumbnailUrl\":\"https:\/\/atelierduma.sk\/wp-content\/uploads\/2025\/04\/axo__-e1743772186620.png\",\"datePublished\":\"2025-11-14T04:08:00+00:00\",\"dateModified\":\"2025-11-24T15:34:15+00:00\",\"breadcrumb\":{\"@id\":\"https:\/\/atelierduma.sk\/projekty\/namestie-sv-michala-v-hlohovci\/#breadcrumb\"},\"inLanguage\":\"de\",\"potentialAction\":[{\"@type\":\"ReadAction\",\"target\":[\"https:\/\/atelierduma.sk\/projekty\/namestie-sv-michala-v-hlohovci\/\"]}]},{\"@type\":\"ImageObject\",\"inLanguage\":\"de\",\"@id\":\"https:\/\/atelierduma.sk\/projekty\/namestie-sv-michala-v-hlohovci\/#primaryimage\",\"url\":\"https:\/\/atelierduma.sk\/wp-content\/uploads\/2025\/04\/axo__-e1743772186620.png\",\"contentUrl\":\"https:\/\/atelierduma.sk\/wp-content\/uploads\/2025\/04\/axo__-e1743772186620.png\",\"width\":1770,\"height\":1590},{\"@type\":\"BreadcrumbList\",\"@id\":\"https:\/\/atelierduma.sk\/projekty\/namestie-sv-michala-v-hlohovci\/#breadcrumb\",\"itemListElement\":[{\"@type\":\"ListItem\",\"position\":1,\"name\":\"Domov\",\"item\":\"https:\/\/atelierduma.sk\/\"},{\"@type\":\"ListItem\",\"position\":2,\"name\":\"N\u00c1MESTIE SV. MICHALA V HLOHOVCI\"}]},{\"@type\":\"WebSite\",\"@id\":\"https:\/\/atelierduma.sk\/#website\",\"url\":\"https:\/\/atelierduma.sk\/\",\"name\":\"ATELIER DUMA - LIVING GARDENS\",\"description\":\"n\u00e1vrh a realiz\u00e1cia z\u00e1hrad\",\"potentialAction\":[{\"@type\":\"SearchAction\",\"target\":{\"@type\":\"EntryPoint\",\"urlTemplate\":\"https:\/\/atelierduma.sk\/?s={search_term_string}\"},\"query-input\":{\"@type\":\"PropertyValueSpecification\",\"valueRequired\":true,\"valueName\":\"search_term_string\"}}],\"inLanguage\":\"de\"}]}<\/script>\n<!-- \/ Yoast SEO Premium plugin. -->","yoast_head_json":{"title":"N\u00c1MESTIE SV. MICHALA V HLOHOVCI - ATELIER DUMA - LIVING GARDENS","robots":{"index":"index","follow":"follow","max-snippet":"max-snippet:-1","max-image-preview":"max-image-preview:large","max-video-preview":"max-video-preview:-1"},"canonical":"https:\/\/atelierduma.sk\/de\/projekty\/namestie-sv-michala-v-hlohovci\/","og_locale":"de_DE","og_type":"article","og_title":"N\u00c1MESTIE SV. MICHALA V HLOHOVCI","og_description":"\u200b\u200b V roku 2020 sme sa z\u00fa\u010dastnili architektonickej s\u00fa\u0165a\u017ee na obnovu N\u00e1mestia sv. Michala v Hlohovci. Tento priestor je mnoh\u00fdmi Hlohov\u010danmi vn\u00edman\u00fd ako najv\u00fdznamnej\u0161\u00ed verejn\u00fd priestor v centre mesta. Na\u0161\u00edm cie\u013eom bolo navrhn\u00fa\u0165 rie\u0161enie, ktor\u00e9 citlivo reaguje na historick\u00fd kontext miesta, podporuje komunitn\u00fd \u017eivot a prin\u00e1\u0161a s\u00fa\u010dasn\u00fd poh\u013ead na fungovanie centr\u00e1lneho mestsk\u00e9ho priestoru. \u200b","og_url":"https:\/\/atelierduma.sk\/de\/projekty\/namestie-sv-michala-v-hlohovci\/","og_site_name":"ATELIER DUMA - LIVING GARDENS","article_modified_time":"2025-11-24T15:34:15+00:00","og_image":[{"width":1024,"height":920,"url":"https:\/\/atelierduma.sk\/wp-content\/uploads\/2025\/04\/axo__-e1743772186620-1024x920.png","type":"image\/png"}],"twitter_card":"summary_large_image","twitter_misc":{"Gesch\u00e4tzte Lesezeit":"1\u00a0Minute"},"schema":{"@context":"https:\/\/schema.org","@graph":[{"@type":"WebPage","@id":"https:\/\/atelierduma.sk\/projekty\/namestie-sv-michala-v-hlohovci\/","url":"https:\/\/atelierduma.sk\/projekty\/namestie-sv-michala-v-hlohovci\/","name":"N\u00c1MESTIE SV. MICHALA V HLOHOVCI - ATELIER DUMA - LIVING GARDENS","isPartOf":{"@id":"https:\/\/atelierduma.sk\/#website"},"primaryImageOfPage":{"@id":"https:\/\/atelierduma.sk\/projekty\/namestie-sv-michala-v-hlohovci\/#primaryimage"},"image":{"@id":"https:\/\/atelierduma.sk\/projekty\/namestie-sv-michala-v-hlohovci\/#primaryimage"},"thumbnailUrl":"https:\/\/atelierduma.sk\/wp-content\/uploads\/2025\/04\/axo__-e1743772186620.png","datePublished":"2025-11-14T04:08:00+00:00","dateModified":"2025-11-24T15:34:15+00:00","breadcrumb":{"@id":"https:\/\/atelierduma.sk\/projekty\/namestie-sv-michala-v-hlohovci\/#breadcrumb"},"inLanguage":"de","potentialAction":[{"@type":"ReadAction","target":["https:\/\/atelierduma.sk\/projekty\/namestie-sv-michala-v-hlohovci\/"]}]},{"@type":"ImageObject","inLanguage":"de","@id":"https:\/\/atelierduma.sk\/projekty\/namestie-sv-michala-v-hlohovci\/#primaryimage","url":"https:\/\/atelierduma.sk\/wp-content\/uploads\/2025\/04\/axo__-e1743772186620.png","contentUrl":"https:\/\/atelierduma.sk\/wp-content\/uploads\/2025\/04\/axo__-e1743772186620.png","width":1770,"height":1590},{"@type":"BreadcrumbList","@id":"https:\/\/atelierduma.sk\/projekty\/namestie-sv-michala-v-hlohovci\/#breadcrumb","itemListElement":[{"@type":"ListItem","position":1,"name":"Domov","item":"https:\/\/atelierduma.sk\/"},{"@type":"ListItem","position":2,"name":"N\u00c1MESTIE SV. MICHALA V HLOHOVCI"}]},{"@type":"WebSite","@id":"https:\/\/atelierduma.sk\/#website","url":"https:\/\/atelierduma.sk\/","name":"ATELIER DUMA - LIVING GARDENS","description":"n\u00e1vrh a realiz\u00e1cia z\u00e1hrad","potentialAction":[{"@type":"SearchAction","target":{"@type":"EntryPoint","urlTemplate":"https:\/\/atelierduma.sk\/?s={search_term_string}"},"query-input":{"@type":"PropertyValueSpecification","valueRequired":true,"valueName":"search_term_string"}}],"inLanguage":"de"}]}},"_links":{"self":[{"href":"https:\/\/atelierduma.sk\/de\/wp-json\/wp\/v2\/projekt\/1851","targetHints":{"allow":["GET"]}}],"collection":[{"href":"https:\/\/atelierduma.sk\/de\/wp-json\/wp\/v2\/projekt"}],"about":[{"href":"https:\/\/atelierduma.sk\/de\/wp-json\/wp\/v2\/types\/projekt"}],"wp:featuredmedia":[{"embeddable":true,"href":"https:\/\/atelierduma.sk\/de\/wp-json\/wp\/v2\/media\/1852"}],"wp:attachment":[{"href":"https:\/\/atelierduma.sk\/de\/wp-json\/wp\/v2\/media?parent=1851"}],"wp:term":[{"taxonomy":"kategoria-projektu","embeddable":true,"href":"https:\/\/atelierduma.sk\/de\/wp-json\/wp\/v2\/kategoria-projektu?post=1851"},{"taxonomy":"zamestnanec","embeddable":true,"href":"https:\/\/atelierduma.sk\/de\/wp-json\/wp\/v2\/zamestnanec?post=1851"}],"curies":[{"name":"wp","href":"https:\/\/api.w.org\/{rel}","templated":true}]}}

NÁMESTIE SV. MICHALA V HLOHOVCI

<p>​​</p>



<p>V roku 2020 sme sa zúčastnili architektonickej súťaže na obnovu Námestia sv. Michala v Hlohovci. Tento priestor je mnohými Hlohovčanmi vnímaný ako najvýznamnejší verejný priestor v centre mesta. Naším cieľom bolo navrhnúť riešenie, ktoré citlivo reaguje na historický kontext miesta, podporuje komunitný život a prináša súčasný pohľad na fungovanie centrálneho mestského priestoru. ​</p>

<!-- This site is optimized with the Yoast SEO Premium plugin v24.0 (Yoast SEO v25.6) - https://yoast.com/wordpress/plugins/seo/ -->
<title>NÁMESTIE SV. MICHALA V HLOHOVCI - ATELIER DUMA - LIVING GARDENS</title>
<meta name="robots" content="index, follow, max-snippet:-1, max-image-preview:large, max-video-preview:-1" />
<link rel="canonical" href="https://atelierduma.sk/de/projekty/namestie-sv-michala-v-hlohovci/" />
<meta property="og:locale" content="de_DE" />
<meta property="og:type" content="article" />
<meta property="og:title" content="NÁMESTIE SV. MICHALA V HLOHOVCI" />
<meta property="og:description" content="​​ V roku 2020 sme sa zúčastnili architektonickej súťaže na obnovu Námestia sv. Michala v Hlohovci. Tento priestor je mnohými Hlohovčanmi vnímaný ako najvýznamnejší verejný priestor v centre mesta. Naším cieľom bolo navrhnúť riešenie, ktoré citlivo reaguje na historický kontext miesta, podporuje komunitný život a prináša súčasný pohľad na fungovanie centrálneho mestského priestoru. ​" />
<meta property="og:url" content="https://atelierduma.sk/de/projekty/namestie-sv-michala-v-hlohovci/" />
<meta property="og:site_name" content="ATELIER DUMA - LIVING GARDENS" />
<meta property="article:modified_time" content="2025-11-24T15:34:15+00:00" />
<meta property="og:image" content="https://atelierduma.sk/wp-content/uploads/2025/04/axo__-e1743772186620-1024x920.png" />
	<meta property="og:image:width" content="1024" />
	<meta property="og:image:height" content="920" />
	<meta property="og:image:type" content="image/png" />
<meta name="twitter:card" content="summary_large_image" />
<meta name="twitter:label1" content="Geschätzte Lesezeit" />
	<meta name="twitter:data1" content="1 Minute" />
<script type="application/ld+json" class="yoast-schema-graph">{"@context":"https://schema.org","@graph":[{"@type":"WebPage","@id":"https://atelierduma.sk/projekty/namestie-sv-michala-v-hlohovci/","url":"https://atelierduma.sk/projekty/namestie-sv-michala-v-hlohovci/","name":"NÁMESTIE SV. MICHALA V HLOHOVCI - ATELIER DUMA - LIVING GARDENS","isPartOf":{"@id":"https://atelierduma.sk/#website"},"primaryImageOfPage":{"@id":"https://atelierduma.sk/projekty/namestie-sv-michala-v-hlohovci/#primaryimage"},"image":{"@id":"https://atelierduma.sk/projekty/namestie-sv-michala-v-hlohovci/#primaryimage"},"thumbnailUrl":"https://atelierduma.sk/wp-content/uploads/2025/04/axo__-e1743772186620.png","datePublished":"2025-11-14T04:08:00+00:00","dateModified":"2025-11-24T15:34:15+00:00","breadcrumb":{"@id":"https://atelierduma.sk/projekty/namestie-sv-michala-v-hlohovci/#breadcrumb"},"inLanguage":"de","potentialAction":[{"@type":"ReadAction","target":["https://atelierduma.sk/projekty/namestie-sv-michala-v-hlohovci/"]}]},{"@type":"ImageObject","inLanguage":"de","@id":"https://atelierduma.sk/projekty/namestie-sv-michala-v-hlohovci/#primaryimage","url":"https://atelierduma.sk/wp-content/uploads/2025/04/axo__-e1743772186620.png","contentUrl":"https://atelierduma.sk/wp-content/uploads/2025/04/axo__-e1743772186620.png","width":1770,"height":1590},{"@type":"BreadcrumbList","@id":"https://atelierduma.sk/projekty/namestie-sv-michala-v-hlohovci/#breadcrumb","itemListElement":[{"@type":"ListItem","position":1,"name":"Domov","item":"https://atelierduma.sk/"},{"@type":"ListItem","position":2,"name":"NÁMESTIE SV. MICHALA V HLOHOVCI"}]},{"@type":"WebSite","@id":"https://atelierduma.sk/#website","url":"https://atelierduma.sk/","name":"ATELIER DUMA - LIVING GARDENS","description":"návrh a realizácia záhrad","potentialAction":[{"@type":"SearchAction","target":{"@type":"EntryPoint","urlTemplate":"https://atelierduma.sk/?s={search_term_string}"},"query-input":{"@type":"PropertyValueSpecification","valueRequired":true,"valueName":"search_term_string"}}],"inLanguage":"de"}]}</script>
<!-- / Yoast SEO Premium plugin. -->

NÁMESTIE SV. MICHALA V HLOHOVCI - ATELIER DUMA - LIVING GARDENS

​​ V roku 2020 sme sa zúčastnili architektonickej súťaže na obnovu Námestia sv. Michala v Hlohovci. Tento priestor je mnohými Hlohovčanmi vnímaný ako najvýznamnejší verejný priestor v centre mesta. Naším cieľom bolo navrhnúť riešenie, ktoré citlivo reaguje na historický kontext miesta, podporuje komunitný život a prináša súčasný pohľad na fungovanie centrálneho mestského priestoru. ​

návrh a realizácia záhrad
