{"id":1754,"date":"2025-11-21T09:53:17","date_gmt":"2025-11-21T08:53:17","guid":{"rendered":"https:\/\/atelierduma.sk\/?post_type=projekt&#038;p=1754"},"modified":"2025-11-24T11:46:15","modified_gmt":"2025-11-24T10:46:15","slug":"mala-zahrada","status":"publish","type":"projekt","link":"https:\/\/atelierduma.sk\/de\/projekty\/mala-zahrada\/","title":{"rendered":"MAL\u00c1 Z\u00c1HRADA"},"content":{"rendered":"<p>Ka\u017ed\u00fd priestor m\u00e1 potenci\u00e1l sta\u0165 sa harmonickou o\u00e1zou \u2013 aj men\u0161ia rodinn\u00e1 z\u00e1hrada m\u00f4\u017ee by\u0165 miestom oddychu, \u00fa\u017eitku a spojenia s pr\u00edrodou. Ako krajinn\u00ed architekti vytv\u00e1rame n\u00e1vrhy, ktor\u00e9 sp\u00e1jaj\u00fa estetiku, funk\u010dnos\u0165 a udr\u017eate\u013en\u00e9 rie\u0161enia.<\/p>","protected":false},"featured_media":1818,"template":"","meta":{"_acf_changed":true},"kategoria-projektu":[13],"zamestnanec":[17],"class_list":["post-1754","projekt","type-projekt","status-publish","has-post-thumbnail","hentry","kategoria-projektu-rodinne-zahrady-a-terasy","zamestnanec-ing-juraj-hornak"],"acf":[],"yoast_head":"<!-- This site is optimized with the Yoast SEO Premium plugin v24.0 (Yoast SEO v25.6) - https:\/\/yoast.com\/wordpress\/plugins\/seo\/ -->\n<title>MAL\u00c1 Z\u00c1HRADA - ATELIER DUMA - LIVING GARDENS<\/title>\n<meta name=\"robots\" content=\"index, follow, max-snippet:-1, max-image-preview:large, max-video-preview:-1\" \/>\n<link rel=\"canonical\" href=\"https:\/\/atelierduma.sk\/de\/projekty\/mala-zahrada\/\" \/>\n<meta property=\"og:locale\" content=\"de_DE\" \/>\n<meta property=\"og:type\" content=\"article\" \/>\n<meta property=\"og:title\" content=\"MAL\u00c1 Z\u00c1HRADA\" \/>\n<meta property=\"og:description\" content=\"Ka\u017ed\u00fd priestor m\u00e1 potenci\u00e1l sta\u0165 sa harmonickou o\u00e1zou \u2013 aj men\u0161ia rodinn\u00e1 z\u00e1hrada m\u00f4\u017ee by\u0165 miestom oddychu, \u00fa\u017eitku a spojenia s pr\u00edrodou. Ako krajinn\u00ed architekti vytv\u00e1rame n\u00e1vrhy, ktor\u00e9 sp\u00e1jaj\u00fa estetiku, funk\u010dnos\u0165 a udr\u017eate\u013en\u00e9 rie\u0161enia.\" \/>\n<meta property=\"og:url\" content=\"https:\/\/atelierduma.sk\/de\/projekty\/mala-zahrada\/\" \/>\n<meta property=\"og:site_name\" content=\"ATELIER DUMA - LIVING GARDENS\" \/>\n<meta property=\"article:modified_time\" content=\"2025-11-24T10:46:15+00:00\" \/>\n<meta property=\"og:image\" content=\"https:\/\/atelierduma.sk\/wp-content\/uploads\/2025\/04\/20241012_102841_-1024x497.png\" \/>\n\t<meta property=\"og:image:width\" content=\"1024\" \/>\n\t<meta property=\"og:image:height\" content=\"497\" \/>\n\t<meta property=\"og:image:type\" content=\"image\/png\" \/>\n<meta name=\"twitter:card\" content=\"summary_large_image\" \/>\n<meta name=\"twitter:label1\" content=\"Gesch\u00e4tzte Lesezeit\" \/>\n\t<meta name=\"twitter:data1\" content=\"1\u00a0Minute\" \/>\n<script type=\"application\/ld+json\" class=\"yoast-schema-graph\">{\"@context\":\"https:\/\/schema.org\",\"@graph\":[{\"@type\":\"WebPage\",\"@id\":\"https:\/\/atelierduma.sk\/projekty\/mala-zahrada\/\",\"url\":\"https:\/\/atelierduma.sk\/projekty\/mala-zahrada\/\",\"name\":\"MAL\u00c1 Z\u00c1HRADA - ATELIER DUMA - LIVING GARDENS\",\"isPartOf\":{\"@id\":\"https:\/\/atelierduma.sk\/#website\"},\"primaryImageOfPage\":{\"@id\":\"https:\/\/atelierduma.sk\/projekty\/mala-zahrada\/#primaryimage\"},\"image\":{\"@id\":\"https:\/\/atelierduma.sk\/projekty\/mala-zahrada\/#primaryimage\"},\"thumbnailUrl\":\"https:\/\/atelierduma.sk\/wp-content\/uploads\/2025\/04\/20241012_102841_.png\",\"datePublished\":\"2025-11-21T08:53:17+00:00\",\"dateModified\":\"2025-11-24T10:46:15+00:00\",\"breadcrumb\":{\"@id\":\"https:\/\/atelierduma.sk\/projekty\/mala-zahrada\/#breadcrumb\"},\"inLanguage\":\"de\",\"potentialAction\":[{\"@type\":\"ReadAction\",\"target\":[\"https:\/\/atelierduma.sk\/projekty\/mala-zahrada\/\"]}]},{\"@type\":\"ImageObject\",\"inLanguage\":\"de\",\"@id\":\"https:\/\/atelierduma.sk\/projekty\/mala-zahrada\/#primaryimage\",\"url\":\"https:\/\/atelierduma.sk\/wp-content\/uploads\/2025\/04\/20241012_102841_.png\",\"contentUrl\":\"https:\/\/atelierduma.sk\/wp-content\/uploads\/2025\/04\/20241012_102841_.png\",\"width\":4291,\"height\":2084},{\"@type\":\"BreadcrumbList\",\"@id\":\"https:\/\/atelierduma.sk\/projekty\/mala-zahrada\/#breadcrumb\",\"itemListElement\":[{\"@type\":\"ListItem\",\"position\":1,\"name\":\"Domov\",\"item\":\"https:\/\/atelierduma.sk\/\"},{\"@type\":\"ListItem\",\"position\":2,\"name\":\"MAL\u00c1 Z\u00c1HRADA\"}]},{\"@type\":\"WebSite\",\"@id\":\"https:\/\/atelierduma.sk\/#website\",\"url\":\"https:\/\/atelierduma.sk\/\",\"name\":\"ATELIER DUMA - LIVING GARDENS\",\"description\":\"n\u00e1vrh a realiz\u00e1cia z\u00e1hrad\",\"potentialAction\":[{\"@type\":\"SearchAction\",\"target\":{\"@type\":\"EntryPoint\",\"urlTemplate\":\"https:\/\/atelierduma.sk\/?s={search_term_string}\"},\"query-input\":{\"@type\":\"PropertyValueSpecification\",\"valueRequired\":true,\"valueName\":\"search_term_string\"}}],\"inLanguage\":\"de\"}]}<\/script>\n<!-- \/ Yoast SEO Premium plugin. -->","yoast_head_json":{"title":"MAL\u00c1 Z\u00c1HRADA - ATELIER DUMA - LIVING GARDENS","robots":{"index":"index","follow":"follow","max-snippet":"max-snippet:-1","max-image-preview":"max-image-preview:large","max-video-preview":"max-video-preview:-1"},"canonical":"https:\/\/atelierduma.sk\/de\/projekty\/mala-zahrada\/","og_locale":"de_DE","og_type":"article","og_title":"MAL\u00c1 Z\u00c1HRADA","og_description":"Ka\u017ed\u00fd priestor m\u00e1 potenci\u00e1l sta\u0165 sa harmonickou o\u00e1zou \u2013 aj men\u0161ia rodinn\u00e1 z\u00e1hrada m\u00f4\u017ee by\u0165 miestom oddychu, \u00fa\u017eitku a spojenia s pr\u00edrodou. Ako krajinn\u00ed architekti vytv\u00e1rame n\u00e1vrhy, ktor\u00e9 sp\u00e1jaj\u00fa estetiku, funk\u010dnos\u0165 a udr\u017eate\u013en\u00e9 rie\u0161enia.","og_url":"https:\/\/atelierduma.sk\/de\/projekty\/mala-zahrada\/","og_site_name":"ATELIER DUMA - LIVING GARDENS","article_modified_time":"2025-11-24T10:46:15+00:00","og_image":[{"width":1024,"height":497,"url":"https:\/\/atelierduma.sk\/wp-content\/uploads\/2025\/04\/20241012_102841_-1024x497.png","type":"image\/png"}],"twitter_card":"summary_large_image","twitter_misc":{"Gesch\u00e4tzte Lesezeit":"1\u00a0Minute"},"schema":{"@context":"https:\/\/schema.org","@graph":[{"@type":"WebPage","@id":"https:\/\/atelierduma.sk\/projekty\/mala-zahrada\/","url":"https:\/\/atelierduma.sk\/projekty\/mala-zahrada\/","name":"MAL\u00c1 Z\u00c1HRADA - ATELIER DUMA - LIVING GARDENS","isPartOf":{"@id":"https:\/\/atelierduma.sk\/#website"},"primaryImageOfPage":{"@id":"https:\/\/atelierduma.sk\/projekty\/mala-zahrada\/#primaryimage"},"image":{"@id":"https:\/\/atelierduma.sk\/projekty\/mala-zahrada\/#primaryimage"},"thumbnailUrl":"https:\/\/atelierduma.sk\/wp-content\/uploads\/2025\/04\/20241012_102841_.png","datePublished":"2025-11-21T08:53:17+00:00","dateModified":"2025-11-24T10:46:15+00:00","breadcrumb":{"@id":"https:\/\/atelierduma.sk\/projekty\/mala-zahrada\/#breadcrumb"},"inLanguage":"de","potentialAction":[{"@type":"ReadAction","target":["https:\/\/atelierduma.sk\/projekty\/mala-zahrada\/"]}]},{"@type":"ImageObject","inLanguage":"de","@id":"https:\/\/atelierduma.sk\/projekty\/mala-zahrada\/#primaryimage","url":"https:\/\/atelierduma.sk\/wp-content\/uploads\/2025\/04\/20241012_102841_.png","contentUrl":"https:\/\/atelierduma.sk\/wp-content\/uploads\/2025\/04\/20241012_102841_.png","width":4291,"height":2084},{"@type":"BreadcrumbList","@id":"https:\/\/atelierduma.sk\/projekty\/mala-zahrada\/#breadcrumb","itemListElement":[{"@type":"ListItem","position":1,"name":"Domov","item":"https:\/\/atelierduma.sk\/"},{"@type":"ListItem","position":2,"name":"MAL\u00c1 Z\u00c1HRADA"}]},{"@type":"WebSite","@id":"https:\/\/atelierduma.sk\/#website","url":"https:\/\/atelierduma.sk\/","name":"ATELIER DUMA - LIVING GARDENS","description":"n\u00e1vrh a realiz\u00e1cia z\u00e1hrad","potentialAction":[{"@type":"SearchAction","target":{"@type":"EntryPoint","urlTemplate":"https:\/\/atelierduma.sk\/?s={search_term_string}"},"query-input":{"@type":"PropertyValueSpecification","valueRequired":true,"valueName":"search_term_string"}}],"inLanguage":"de"}]}},"_links":{"self":[{"href":"https:\/\/atelierduma.sk\/de\/wp-json\/wp\/v2\/projekt\/1754","targetHints":{"allow":["GET"]}}],"collection":[{"href":"https:\/\/atelierduma.sk\/de\/wp-json\/wp\/v2\/projekt"}],"about":[{"href":"https:\/\/atelierduma.sk\/de\/wp-json\/wp\/v2\/types\/projekt"}],"wp:featuredmedia":[{"embeddable":true,"href":"https:\/\/atelierduma.sk\/de\/wp-json\/wp\/v2\/media\/1818"}],"wp:attachment":[{"href":"https:\/\/atelierduma.sk\/de\/wp-json\/wp\/v2\/media?parent=1754"}],"wp:term":[{"taxonomy":"kategoria-projektu","embeddable":true,"href":"https:\/\/atelierduma.sk\/de\/wp-json\/wp\/v2\/kategoria-projektu?post=1754"},{"taxonomy":"zamestnanec","embeddable":true,"href":"https:\/\/atelierduma.sk\/de\/wp-json\/wp\/v2\/zamestnanec?post=1754"}],"curies":[{"name":"wp","href":"https:\/\/api.w.org\/{rel}","templated":true}]}}

MALÁ ZÁHRADA

<p>Každý priestor má potenciál stať sa harmonickou oázou – aj menšia rodinná záhrada môže byť miestom oddychu, úžitku a spojenia s prírodou. Ako krajinní architekti vytvárame návrhy, ktoré spájajú estetiku, funkčnosť a udržateľné riešenia.</p>

<!-- This site is optimized with the Yoast SEO Premium plugin v24.0 (Yoast SEO v25.6) - https://yoast.com/wordpress/plugins/seo/ -->
<title>MALÁ ZÁHRADA - ATELIER DUMA - LIVING GARDENS</title>
<meta name="robots" content="index, follow, max-snippet:-1, max-image-preview:large, max-video-preview:-1" />
<link rel="canonical" href="https://atelierduma.sk/de/projekty/mala-zahrada/" />
<meta property="og:locale" content="de_DE" />
<meta property="og:type" content="article" />
<meta property="og:title" content="MALÁ ZÁHRADA" />
<meta property="og:description" content="Každý priestor má potenciál stať sa harmonickou oázou – aj menšia rodinná záhrada môže byť miestom oddychu, úžitku a spojenia s prírodou. Ako krajinní architekti vytvárame návrhy, ktoré spájajú estetiku, funkčnosť a udržateľné riešenia." />
<meta property="og:url" content="https://atelierduma.sk/de/projekty/mala-zahrada/" />
<meta property="og:site_name" content="ATELIER DUMA - LIVING GARDENS" />
<meta property="article:modified_time" content="2025-11-24T10:46:15+00:00" />
<meta property="og:image" content="https://atelierduma.sk/wp-content/uploads/2025/04/20241012_102841_-1024x497.png" />
	<meta property="og:image:width" content="1024" />
	<meta property="og:image:height" content="497" />
	<meta property="og:image:type" content="image/png" />
<meta name="twitter:card" content="summary_large_image" />
<meta name="twitter:label1" content="Geschätzte Lesezeit" />
	<meta name="twitter:data1" content="1 Minute" />
<script type="application/ld+json" class="yoast-schema-graph">{"@context":"https://schema.org","@graph":[{"@type":"WebPage","@id":"https://atelierduma.sk/projekty/mala-zahrada/","url":"https://atelierduma.sk/projekty/mala-zahrada/","name":"MALÁ ZÁHRADA - ATELIER DUMA - LIVING GARDENS","isPartOf":{"@id":"https://atelierduma.sk/#website"},"primaryImageOfPage":{"@id":"https://atelierduma.sk/projekty/mala-zahrada/#primaryimage"},"image":{"@id":"https://atelierduma.sk/projekty/mala-zahrada/#primaryimage"},"thumbnailUrl":"https://atelierduma.sk/wp-content/uploads/2025/04/20241012_102841_.png","datePublished":"2025-11-21T08:53:17+00:00","dateModified":"2025-11-24T10:46:15+00:00","breadcrumb":{"@id":"https://atelierduma.sk/projekty/mala-zahrada/#breadcrumb"},"inLanguage":"de","potentialAction":[{"@type":"ReadAction","target":["https://atelierduma.sk/projekty/mala-zahrada/"]}]},{"@type":"ImageObject","inLanguage":"de","@id":"https://atelierduma.sk/projekty/mala-zahrada/#primaryimage","url":"https://atelierduma.sk/wp-content/uploads/2025/04/20241012_102841_.png","contentUrl":"https://atelierduma.sk/wp-content/uploads/2025/04/20241012_102841_.png","width":4291,"height":2084},{"@type":"BreadcrumbList","@id":"https://atelierduma.sk/projekty/mala-zahrada/#breadcrumb","itemListElement":[{"@type":"ListItem","position":1,"name":"Domov","item":"https://atelierduma.sk/"},{"@type":"ListItem","position":2,"name":"MALÁ ZÁHRADA"}]},{"@type":"WebSite","@id":"https://atelierduma.sk/#website","url":"https://atelierduma.sk/","name":"ATELIER DUMA - LIVING GARDENS","description":"návrh a realizácia záhrad","potentialAction":[{"@type":"SearchAction","target":{"@type":"EntryPoint","urlTemplate":"https://atelierduma.sk/?s={search_term_string}"},"query-input":{"@type":"PropertyValueSpecification","valueRequired":true,"valueName":"search_term_string"}}],"inLanguage":"de"}]}</script>
<!-- / Yoast SEO Premium plugin. -->

MALÁ ZÁHRADA - ATELIER DUMA - LIVING GARDENS

Každý priestor má potenciál stať sa harmonickou oázou – aj menšia rodinná záhrada môže byť miestom oddychu, úžitku a spojenia s prírodou. Ako krajinní architekti vytvárame návrhy, ktoré spájajú estetiku, funkčnosť a udržateľné riešenia.

návrh a realizácia záhrad
